he prime factors of b(4).
31, 41
Let o be (-6)/(-45) + (-12416)/(-30) + 0. Let p = 709 - o. List the prime factors of p.
5, 59
Let s = -188 - -603. Suppose -12*d + 6*d + 30 = 0. Suppose 0*c = -c - 4, -3*v + s = d*c. List the prime factors of v.
5, 29
Suppose -20*i - 15 = -25*i. Suppose -w - 57 = -i. Let c = w - -57. What are the prime factors of c?
3
Let d(j) = -43*j**3 - 7*j**2 - 18*j - 24. List the prime factors of d(-7).
2, 3, 13, 31
Let u be -35 - ((-3 - -8) + -3). Let x = u + 504. What are the prime factors of x?
467
Suppose 5*p - 150 = -g, 5*g + 5*p - 415 - 335 = 0. Let h = 5 + -5. Suppose h*r - 2*r = -g. List the prime factors of r.
3, 5
Let i(j) = 39*j - 363. Let w(o) = -3*o + 28. Let s(n) = 2*i(n) + 27*w(n). Let y(x) = -x**2 + 3*x + 7. Let h be y(6). List the prime factors of s(h).
3, 7
Let r = -13005 + 20146. List the prime factors of r.
37, 193
Let m(r) = -r**2 + 25*r - 7. Let o = 38 - 26. Let b be m(o). Suppose -b = -2*a + 13. List the prime factors of a.
3
Let d(i) = 2*i**2 + 28*i - 5. Let s be d(-14). What are the prime factors of 1611/15 - (-2)/s?
107
Let l(t) = -12222*t - 645. What are the prime factors of l(-2)?
3, 7933
Suppose -3*s - 3*g + 432 = 0, 5*s - 2*s - g - 428 = 0. Suppose 888 - s = -5*z. List the prime factors of z/(-2) - 36/24.
73
Let r(u) = 21*u + 22. Let h be r(10). Let f = 683 - h. List the prime factors of f.
11, 41
Let l = -19412 - -33767. List the prime factors of l.
3, 5, 11, 29
Let h = 111 + -88. Let k = 119 - h. Let m = k - 57. What are the prime factors of m?
3, 13
Suppose 0 = -5*q + 2*q + 27. Let t(z) = z**3 - 4*z**2 - 28*z - 3. What are the prime factors of t(q)?
2, 3, 5
Let b = 3 - 3. Suppose b = 4*a + 3*u - 55 - 214, -a - u + 67 = 0. List the prime factors of a.
2, 17
Let i(v) = -v**2 - 7*v - 2. Let l = -68 + 66. Let d be i(l). What are the prime factors of 1 + 24*4/d?
13
Let p = 42 + -37. Suppose p*o = 4*q + 104, 0 = -3*q - o - 46 - 13. What are the prime factors of ((-196)/q)/((-2)/(-6))?
2, 7
Let j(n) = 12813*n - 816. What are the prime factors of j(5)?
3, 29, 727
Suppose d = -2*a + 75396, -2*d + 3*a + 179568 = 28769. List the prime factors of d.
2, 37699
Suppose 5*s + 1 = 11. Let r = 1 - s. What are the prime factors of (-36)/r + 1/(2/4)?
2, 19
Let b = 21 - 19. Let d be b/(-3) - (-28)/(-3). Let w = d + 88. List the prime factors of w.
2, 3, 13
Let u = -1165 + 2466. Let z = u - 675. What are the prime factors of z?
2, 313
Let t(q) = q + 3. Let h = -50 + 43. Let k be t(h). Let l(p) = 8*p**2 + 4*p + 3. What are the prime factors of l(k)?
5, 23
Let w be ((-420)/40)/((-2)/(-4)) + 6. What are the prime factors of (-20180)/(-25) - (-18)/w?
2, 13, 31
Suppose 1087 = 33*q - 695. Let b be ((-33)/2)/((-6)/(-16)). Let f = q - b. List the prime factors of f.
2, 7
Let g = -24 - -19. Let c be (11 + g)/(1 - -1). Suppose -c*h = -3*z - 249, 5*z - 368 = -h - 3*h. What are the prime factors of h?
3, 29
Let q = 27136 - 6796. What are the prime factors of q?
2, 3, 5, 113
Let u(s) = -27*s**2 + 90*s**3 - 13*s + 4*s**2 - 89*s**3 + 32 - 12*s. Let f be u(24). Let o(g) = -g**3 + 9*g**2 - 5*g + 19. List the prime factors of o(f).
43
Let u = 101194 - 44365. What are the prime factors of u?
3, 19, 997
What are the prime factors of ((-80)/(-15))/8 - (-301840)/21?
2, 7187
Suppose 0 = 5*c - 4*x - 423923, 133203 = 2*c - x - 36371. What are the prime factors of c?
7, 12113
Suppose 5*d = 2*o - 21821, -19*o - 54527 = -24*o + 4*d. List the prime factors of o.
10903
Let u = -12363 - -17526. List the prime factors of u.
3, 1721
Suppose 2*m - 92 = 2*a, -56 = 2*a + 3*m + 36. Let p = -45 - a. What are the prime factors of -14*p*-3 + (-7)/7?
41
Let p be (6 + -98)*(-20)/16. Suppose 2*g - p = -3*j, -6*g = -g - 5*j - 275. What are the prime factors of g?
2, 7
Let z(a) = a**3 + a**2 - 2. Suppose 0*u - u = -1. Let s be z(u). Let o(c) = -c**3 - 2*c**2 + c + 87. List the prime factors of o(s).
3, 29
Suppose 0 = -3*g + 5*g - 20. Suppose -f + g = 8. List the prime factors of (-1)/f + (-4230)/(-60).
2, 5, 7
Let n = 36938 - -2039. List the prime factors of n.
38977
Let l be (-2 - (-3 + 0)) + (-21 - 9). Let q = -48 - l. What are the prime factors of (q*3)/(1/(-2))?
2, 3, 19
Let w = -100 - -105. Suppose -2*g - 5*v = -507, 2*g + v - w - 482 = 0. List the prime factors of g.
241
Suppose -77 - 76 = -17*o. Let a(b) = -2*b**3 + 21*b**2 - 13*b - 3. What are the prime factors of a(o)?
3, 41
Suppose -24*z + 21*z + 4*c = -49514, 5*c = 3*z - 49519. List the prime factors of z.
2, 73, 113
Suppose 0 = 3*l + r - 32, -3*l + r = -l - 13. Suppose 0 = -x + l - 3. Suppose -x*s = -19*s + 1352. List the prime factors of s.
2, 13
Suppose x = -2*x + 12. Suppose -x*z + 8*z - 200 = 4*c, 0 = -2*z - 4*c + 76. Let d = z - -4. List the prime factors of d.
2, 5
Let c = -2 + 4. Suppose 3*s + 9 = c*i + i, 4*i - 18 = -2*s. Suppose 4*z - 3*j + i*j = 26, -z - 4*j = -14. List the prime factors of z.
2, 3
Let v(n) = 195*n**2 + 6*n + 7. List the prime factors of v(-3).
2, 109
Suppose -2957 = -6*m - 731. Suppose -2*p + 313 = -m. List the prime factors of p.
2, 3, 19
Suppose 4*y - 55080 = y + 6*a, 2*a = -3*y + 55064. What are the prime factors of y?
2, 13, 353
Let w(r) = -91*r**3 - 3*r**2 - 20*r - 10. Let b(x) = -136*x**3 - 5*x**2 - 31*x - 15. Let j(o) = -5*b(o) + 8*w(o). List the prime factors of j(-2).
3, 131
Suppose -19*b + 473211 + 179469 = 86*b. List the prime factors of b.
2, 3, 7, 37
Let l = 112 + -127. Let c(r) = -r**3 - 13*r**2 + 24*r - 20. Let w be c(l). Let p = -48 + w. What are the prime factors of p?
2, 11
Suppose -4*b + 2*l + 770 + 664 = 0, l - 727 = -2*b. Suppose 454 = -3*z - 143. Let j = z + b. List the prime factors of j.
2, 3
Suppose 0 = 3*h + 3*w - 5*w - 10, -3*h + 3*w + 6 = 0. Let l(p) = 2 + p**2 + 7 - 3*p + 0. List the prime factors of l(h).
3
Let y = -163 - -107. List the prime factors of 4402/7 - 8/y.
17, 37
Let z = 1331 - 2282. Let k = z + 1929. List the prime factors of k.
2, 3, 163
Suppose -4*j - 4*n + 8 = 0, -n + 3*n = j - 14. Let s be -1 - 6/(-10) - 1666/(-490). Suppose 3*m - 94 = m + q, j = -s*q. What are the prime factors of m?
2, 23
Suppose 4*b + 2058 = 3*l + b, 0 = b - 3. Let a = 1300 - l. What are the prime factors of a?
13, 47
Let q be (240/(-50))/(3 + 132/(-40)). Suppose -b - 8055 = -q*b. List the prime factors of b.
3, 179
Let n(x) = -x - 17. Let q be n(-11). Let z(b) = b**2 + 3*b + 38. Let j be z(q). Suppose j*c - 54*c = 158. What are the prime factors of c?
79
Let l = 2680 + 937. Suppose l - 12477 = -20*p. List the prime factors of p.
443
Let q(x) = -55*x**3 - 4*x**2 + 41*x + 247. What are the prime factors of q(-8)?
27823
Let w = 1639 + -1141. Suppose -2*c = 8, 34 = 2*q + c + 22. Suppose q*b = 2*b + w. What are the prime factors of b?
83
What are the prime factors of (-66)/(-110) - (-142688)/20?
5, 1427
Suppose -31*t + 172368 - 52243 = 0. List the prime factors of t.
5, 31
Suppose h - 1 = -5*p + 3*p, 42 = -3*h + 3*p. What are the prime factors of h*(-4 - 17 - 3)?
2, 3
Let m = -437 + 441. Suppose -2*u - 90 + 452 = -m*i, 2*u - 3*i = 367. What are the prime factors of u?
191
Let t(q) = q**3 - 14*q**2 - 28*q + 61. Let i be t(19). Suppose -5*l + i = 3*a, 5*l - 111 - 775 = -2*a. What are the prime factors of a?
2, 7
Let u(p) be the second derivative of 2*p**4 + 5*p**3/2 + 47*p**2/2 + 10*p - 1. What are the prime factors of u(-5)?
2, 11, 13
Let m = 19876 - 15148. List the prime factors of m.
2, 3, 197
Let m(x) = 1188*x**3 - 80*x**2 + 225*x + 9. What are the prime factors of m(3)?
2, 3, 5, 89
Let n(b) = b**3 - 10*b**2 + 6*b + 25. Let s be n(7). Let h = 285 + s. What are the prime factors of h?
5, 41
Suppose -4*g - 18 = 2*g + 24. Let j = 0 - 0. List the prime factors of (-3 - g) + 10 + j.
2, 7
List the prime factors of 2609/((-15)/(360/(-8))).
3, 2609
Let g be (6/3)/(3/12). Suppose -k = g + 14. Let w = 73 + k. What are the prime factors of w?
3, 17
Suppose -5387 = -9*u + 1237. Suppose 5*i - u = v - 2*v, v + 2*i = 733. List the prime factors of v.
17, 43
Let v = -5 + 6. Let h = 361 + -274. List the prime factors of h/1 + (v - -1).
89
Let a = 66 - 61. Suppose -5*c - 2*p = p - 1404, 0 = a*p + 10. Suppose 20*v - 18*v = c. What are the prime factors of v?
3, 47
Suppose -5*a + 3*p + 23966 = 0, 6*a + p - 23998 = a. What are the prime factors of a?
2, 2399
Let j(q) = 